 + 2)).
-22
Calculate 7 + (-15 - 2 - (19 + -18)).
-11
What is 1 - 14 - -4 - 4 - 3?
-16
What is (-18 - -1) + -4 + 12 - 14?
-23
What is the value of -6 + -16 + 2 + 9?
-11
What is the value of -2 - (-13 + -2 + 25)?
-12
What is the value of -5 + (-11 + 8 + 7 - -1)?
0
Calculate 2 - 10 - (10 - (12 + -5)).
-11
What is 0 + 12 + (13 - (31 - -6))?
-12
Calculate (0 - 4) + 731 + -715.
12
Calculate -3 - (388 - 405 - (-16 - 1)).
-3
Calculate 2 - -16 - (16 + -11 - -2).
11
What is the value of (-22 - 1) + (-64 + 26 - -22) + 18?
-21
33 + -36 - (14 - 16)
-1
-11 - 1 - (3 + (-7 - -5))
-13
Calculate -11 + (4 - -10) + 6.
9
Evaluate 43 + (-75 - -38) - 43.
-37
What is the value of 1 + 6 - ((-43 - -12) + 57)?
-19
What is the value of (-32 - -53) + (-2 - -6 - (4 + 2))?
19
Calculate 19 + -34 - (4 + -6 - -7).
-20
Calculate 48 - 42 - (-9 - (-13 + 3)).
5
What is the value of (15 - 28) + (17 - 8)?
-4
What is the value of 17 + (-29 - (7 - 19)) + 18?
18
-61 + 40 + 19 - 2
-4
Evaluate 23 + 8 + -44 + 1.
-12
What is the value of 161 + -157 + -12 + 0?
-8
Calculate 2 - (-9 + -1) - (16 - 20).
16
43 + -38 + 0 + (-18 - -2) + 6
-5
0 + -15 + -11 + (44 - 48)
-30
-4 + (7 - 18) + 6
-9
Calculate 21 + (-17 - (0 + 21)).
-17
Calculate -4 - ((-3 - -7) + (-16 + 1 - -1)).
6
Calculate (-7 - (4 - 12)) + -1.
0
Calculate -13 - (5 - (9 - -5)).
-4
Evaluate 6 + -13 - (-13 - 8).
14
What is (49 - (-23 + 72)) + (23 - 1 - 1)?
21
What is 40 + -32 + -3 + 5 + -4 + -1?
5
2 + (2 - (-1 + (10 - 5)) - -6)
6
What is -17 + (-2 - (-5 + 4)) + 0 + 12?
-6
What is the value of -2 + -4 + 3 + (7 - (10 + 0))?
-6
What is the value of -14 + -3 - (-4 - (-1 - (-10 + 13)))?
-17
What is the value of -12 + 25 + -21 - (-2 + 6)?
-12
15 + 3 + (-9 - 16) + -11
-18
What is -22 + (15 - 18) + 8 + 0 + 1?
-16
3 - (-14 - (-1 + 1))
17
Calculate -3 + (-4 - 0) + (18 - 8) + 3.
6
Calculate -2 + -1 - (6 - 2 - 13).
6
Evaluate -9 + -2 + (93 + -41 - 20).
21
Evaluate (8 - -2 - (14 - 8)) + 6.
10
What is the value of -11 + 14 + 21 + -8 + 15?
31
12 + (3 + -6 - 11) + 9
7
What is the value of 5 - -9 - (-89 + 84)?
19
30 + -8 + -87 + 67
2
What is (-32 - (-43 + 12)) + 3 + 8?
10
Evaluate -5 - (30 + -29) - (3 + 0).
-9
What is the value of (12 - -2) + -13 + 0 + 78 + -71?
8
What is -9 + (3 + -7 + 1 + 4 - 6)?
-14
What is the value of -10 + (-4 - (-14 + 5)) + 10 + -1?
4
What is -22 - (-4 - 8 - (-34 + 32))?
-12
What is 2 - 1 - -1 - ((6 - 11) + 16)?
-9
Evaluate 6 - (-7 + -2 + 15) - -10.
10
What is the value of (-3 - (0 + 4)) + 8?
1
17 - 0 - (2 + (-40 - -45))
10
16 + (18 - 26 - (1 - 2)) + 7
16
Evaluate 8 + (7 - 10 - -4).
9
Evaluate -2 + (6 - -2) + (-4 - (5 + -12)).
9
23 + -19 + (3 - (-2 + 32))
-23
What is the value of 20 + -1 - (26 - 5)?
-2
Calculate (10 - (-9 + 15 + -12)) + -25.
-9
-7 + 1 - (-18 - 3)
15
Evaluate (3 - 1) + (-29 - -46) + -9.
10
What is -11 + 18 - (-8 + 21 - 4)?
-2
-13 + 24 - (2 + -1)
10
What is (-3 + -1 + -3 - -10) + 1 + 4?
8
What is (9 - 14 - 1) + 25 + -11?
8
What is (52 - (-2 - (-24 - -7))) + -4?
33
What is the value of (7 - ((-18 - -7) + 21)) + -6?
-9
What is the value of (2 - -3) + -10 + (7 + -10 - -7)?
-1
Calculate -63 + (-10 - -49) + 8.
-16
What is 1 + -25 - (-25 - (-10 - 4) - -5)?
-18
What is the value of 9 + (0 + -16 + 8 - -13)?
14
What is the value of -12 - ((-28 - 17) + 35)?
-2
Calculate (-65 - -6) + -26 + 48.
-37
Evaluate 16 + 2 + (2 + -10 - -6) - 2.
14
-22 - (1 - (-12 - -45))
10
Evaluate (-6 - -2 - -36) + 5 - (-4 - -11).
30
What is the value of 0 + 3 + (2 - 3) + (-57 - -50)?
-5
What is -14 + (16 - (-18 + 15))?
5
What is (-4 - 0) + -472 + 467?
-9
Evaluate -7 - (-5 + (4 - -1)) - (1 + 3).
-11
Calculate -4 + 1 - (-4 + (-3 - 0)).
4
What is the value of -3 + (21 - (1 - -13))?
4
What is 25 - (-17 + (1 - -51)) - (1 + 0)?
-11
Calculate 29 + -23 + (3 - 11) - -16.
14
(6 - (-6 + 15)) + -33 + 26
-10
Evaluate -7 + ((12 - 18) + 6 - 20).
-27
(-21 - (-39 + 31)) + 6
-7
-8 - (0 + -9 + -6 + 9)
-2
0 + 0 + 77 + (-32 - 72)
-27
1 + -12 + (0 + -4 - (-24 - -17))
-8
Calculate 1 - -1 - 0 - (-56 + -1 - -47).
12
What is 28 - 31 - ((-10 - (1 + 2)) + 2)?
8
Calculate -27 + 9 + (-6 - (10 + -17) - -4).
-13
What is 2 + 11 + (6 - 1) + 4 + 10?
32
Calculate -16 + (67 + -62 - (21 - 4)).
-28
6 - (-1 - -12) - -10 - (17 - 2)
-10
Evaluate -16 - -17 - -9 - 16.
-6
Calculate (20 - 3) + -5 - 13.
-1
What is the value of (2 - (-3 - (-6 - (4 - 7)))) + -2?
0
What is the value of -1 + 3 + -4 + (-12 - -17) + -10?
-7
Calculate -1 + 8 + (-25 - (-26 - -24)).
-16
What is (0 + 1 - (114 - 95)) + -4 + -7?
-29
What is (-2 - (7 - 10)) + -20 + (6 - 1)?
-14
Calculate 0 + -9 - (5 - (4 + 6)).
-4
What is the value of -1 - (-10 - 0) - (23 + 20 - 36)?
2
Calculate 12 + (0 - 8) + (2 - 12).
-6
Calculate -4 + -6 + (-3 - (5 + -11)).
-7
Evaluate 3 + -6 + (-37 - -51) - 10.
1
(17 - -1) + -253 + 234
-1
-1 - 1 - (1930 + -1966)
34
What is 6 - ((-8 - -4 - 4) + (1 - -6))?
7
Evaluate 0 + (3 - (-40 + 47)).
-4
0 - ((12 - -4) + 4 + -10 + -8)
-2
What is -4 - (4 - (-9 - -8)) - 1?
-10
What is the value of 12 - (45 - (25 + -24))?
-32
What is the value of 8 + (-25 - 13) + 14 + 13?
-3
Evaluate -6 + (3 - 0) - (19 + -12).
-10
Calculate -8 + 1 + -9 + 24.
8
What is the value of -3 + 17 + -5 + -4 + -2?
3
Evaluate -3 + (-2 - (-6 - ((4 - 3) + -5))).
-3
0 + 5 - (37 + -34) - (6 + -12)
8
(-17 - (-20 - -41)) + 55
17
Evaluate (-31 - -39) + -36 + 34.
6
Evaluate -7 + (23 - (-34 + 75)).
-25
Calculate 19 - (7 - (-24 - -19)).
7
What is (-94 - -83) + (1 - 0)?
-10
Calculate -6 - (3 + 3 - 7).
-5
Calculate 52 - (18 - -18 - -1).
15
What is -4 - (-12 - -8) - 1 - (3 - -10)?
-14
Calculate 19 - (13 - (-19 + 10)).
-3
21 + -8 - ((-9 - 3) + 15)
10
(-36 - -17) + (1 - -1) + 22
5
What is the value of 3 - (-4 - -4 - (-4 - 2))?
-3
Calculate 4 + (-3 - (0 - 0) - 0).
1
What is 1 + 10 + 14 + -14?
11
What is the value of -18 - (8 - ((-8 - -8) + 6)) - -5?
-15
Calculate -40 - -50 - (0 + 2 - (-3 + 2)).
7
(23 - 15) + 32 + -16 + -13
11
8 - (-62 + 25 - -27)
18
Evaluate 18 - 9 - 2 - -4.
11
What is -30 + (33 - 3) - 3?
-3
Evaluate (0 - -10) + (-19 - (-10 - 0)).
1
Calculate 19 + 8 + -11 + -7 + 3.
12
What is the value of 14 + -5 - (-14 + 47 + -13)?
-11
Calculate (13 - 5) + -2 + (-7 - 0 - -2).
1
Evaluate 2 - (-21 + (3 - -3) - -2).
15
Evaluate -31 - (-459 - -435 - (-7 + 1)).
-13
What is the value of -29 + (3 - (-4 - -11))?
-33
What is -9 + (-2 - 1) - (-3 + -4 - -4)?
-9
What is (16 - (26 - 25)) + -9 + -2?
4
What is the value of -1 + 21 + -3 + -22 - 10?
-15
What is the value of (-1 - 1) + -58 + 64 - -10?
14
-18 + -14 + 17 + -2
-17
Evaluate -59 - -49 - (-1 + -3 - -3).
-9
What is (32 - (13 - -5)) + 3?
17
Calculate (16 - 34) + 7 + 1 + -3.
-13
(-2 - (-1 + 9)) + (58 - -4) + -24
28
-33 + (6 - -2 - -14)
-11
Calculate (4 - 18) + (67 - 24) - 15.
14
Evaluate -7 + 17 + 7 + -20.
-3
Evaluate -11 - (-10 - (-18 - -16)).
-3
Calculate -7 - (-20 + 38 - 12).
-13
6 - (-7 + 17) - (0 - (1 - -10))
7
24 + 40 + (-42 - 30)
-8
What is (-60 - -31) + -3 + 49?
17
Evaluate 11 + -5 - (10 + -2).
-2
What is the value of 44 + -40 - (-2 - 2 - (-2 + 5))?
11
6 + (-13 - -1 - 1) + -2 + -1
-10
What is -27 - (26 + (-50 - -21))?
-24
Evaluate 0 - -1 - (27 + -35).
9
-13 + 0 + 21 + -4 + -14
-10
What is 16 + -35 + 7 + 13?
1
Evaluate 3 + -4 + -1 - 2 - (-5 - 3).
4
Evaluate -1 + 0 + 8 + (6 - 17) + 21.
17
-12 - 17 - (12 + -11) - -9
-21
Calculate 1 - 0 - (-2 + 12 + -4 + 4).
-9
Calculate -10 + (7 - 3 - (-30 - -30)).
-6
-1 - (-5 - (-17 - (-6 + 3)))
-10
What is the value of (-14 - -5) + ((7 - -19) + -1 - 6)?
10
What is the value of -2 - (3 - -14) - -15?
-4
Calculate -20 - 1 - ((7 - 11) + 8) - 4.
-29
What is the value of -14 + (-23 - -35) - 1?
-3
Evaluate (-42 - -34 - -26) + 0 + -6.
12
What is (-18 - 1) + 11 + -1 + 10?
1
Evaluate (-4905 - -4916) + (-1 - (5 + 1)).
4
Calculate -16 + 1 - (-4 - 2 - (0 - 2)).
-11
-6 + (-8 - -19) + -12
-7
3 - (-18 - (-32 + -5))
-16
-4 + 0 - (-214 - -214)
-4
Calculate 4 - (-12 - -11) - (6 - (0 + 0)).
-1
Calculate 6 + (-20 - -3 - (3 + -2 + 0)).
-12
What is -28 + 5 + 8 - -5?
-10
1 - (-17 + 4) - (-2 + 2)
14
-8 + -2 + (1 - -13) + (1 - 4)
1
What is -77 - -78 - (2 + 1 + -2) - -6?
6
What is the value of -1 - (5 + -5) - (8 + (-2 - 5))?
-2
Evaluate -2 - ((0 - 5) + (-7 - (-9 - 2))).
-1
Evaluate (-1 + 8 - 16) + 21.
12
-7 - (4 + (-9 + 3 - -3) - -6)
-14
Evaluate (4 - 26 - -9) + 3.
-10
178 + -162 - (-5 - (-3 - -1)) - 6
13
